[INFO] fetching crate async_repeat 0.1.0...
[INFO] checking async_repeat-0.1.0 against master#e6e4f7ed1589e03bc2f6c5931c1a72e7947e8682 for beta-170-4
[INFO] extracting crate async_repeat 0.1.0 into /workspace/builds/worker-1-tc2/source
[INFO] validating manifest of crates.io crate async_repeat 0.1.0 on toolchain e6e4f7ed1589e03bc2f6c5931c1a72e7947e8682
[INFO] running `Command { std: CARGO_HOME="/workspace/cargo-home" RUSTUP_HOME="/workspace/rustup-home" "/workspace/cargo-home/bin/cargo" "+e6e4f7ed1589e03bc2f6c5931c1a72e7947e8682" "metadata" "--manifest-path" "Cargo.toml" "--no-deps", kill_on_drop: false }`
[INFO] started tweaking crates.io crate async_repeat 0.1.0
[INFO] finished tweaking crates.io crate async_repeat 0.1.0
[INFO] tweaked toml for crates.io crate async_repeat 0.1.0 written to /workspace/builds/worker-1-tc2/source/Cargo.toml
[INFO] crate crates.io crate async_repeat 0.1.0 already has a lockfile, it will not be regenerated
[INFO] running `Command { std: CARGO_HOME="/workspace/cargo-home" RUSTUP_HOME="/workspace/rustup-home" "/workspace/cargo-home/bin/cargo" "+e6e4f7ed1589e03bc2f6c5931c1a72e7947e8682" "fetch" "--manifest-path" "Cargo.toml", kill_on_drop: false }`
[INFO] running `Command { std: "docker" "create" "-v" "/var/lib/crater-agent-workspace/builds/worker-1-tc2/target:/opt/rustwide/target:rw,Z" "-v" "/var/lib/crater-agent-workspace/builds/worker-1-tc2/source:/opt/rustwide/workdir:ro,Z" "-v" "/var/lib/crater-agent-workspace/cargo-home:/opt/rustwide/cargo-home:ro,Z" "-v" "/var/lib/crater-agent-workspace/rustup-home:/opt/rustwide/rustup-home:ro,Z" "-e" "SOURCE_DIR=/opt/rustwide/workdir" "-e" "CARGO_TARGET_DIR=/opt/rustwide/target" "-e" "CARGO_HOME=/opt/rustwide/cargo-home" "-e" "RUSTUP_HOME=/opt/rustwide/rustup-home" "-w" "/opt/rustwide/workdir" "-m" "1610612736" "--user" "0:0" "--network" "none" "ghcr.io/rust-lang/crates-build-env/linux@sha256:19e73879b68f455e41552ea35293514db52ea292d993f571636dbffedb77a1ee" "/opt/rustwide/cargo-home/bin/cargo" "+e6e4f7ed1589e03bc2f6c5931c1a72e7947e8682" "metadata" "--no-deps" "--format-version=1", kill_on_drop: false }`
[INFO] [stdout] 80969a72f117f1e1b414088d2f7d827cb5b08d68ef3cfdf980de0c5b829bf13c
[INFO] running `Command { std: "docker" "start" "-a" "80969a72f117f1e1b414088d2f7d827cb5b08d68ef3cfdf980de0c5b829bf13c", kill_on_drop: false }`
[INFO] running `Command { std: "docker" "inspect" "80969a72f117f1e1b414088d2f7d827cb5b08d68ef3cfdf980de0c5b829bf13c", kill_on_drop: false }`
[INFO] running `Command { std: "docker" "rm" "-f" "80969a72f117f1e1b414088d2f7d827cb5b08d68ef3cfdf980de0c5b829bf13c", kill_on_drop: false }`
[INFO] [stdout] 80969a72f117f1e1b414088d2f7d827cb5b08d68ef3cfdf980de0c5b829bf13c
[INFO] running `Command { std: "docker" "create" "-v" "/var/lib/crater-agent-workspace/builds/worker-1-tc2/target:/opt/rustwide/target:rw,Z" "-v" "/var/lib/crater-agent-workspace/builds/worker-1-tc2/source:/opt/rustwide/workdir:ro,Z" "-v" "/var/lib/crater-agent-workspace/cargo-home:/opt/rustwide/cargo-home:ro,Z" "-v" "/var/lib/crater-agent-workspace/rustup-home:/opt/rustwide/rustup-home:ro,Z" "-e" "SOURCE_DIR=/opt/rustwide/workdir" "-e" "CARGO_TARGET_DIR=/opt/rustwide/target" "-e" "CARGO_INCREMENTAL=0" "-e" "RUST_BACKTRACE=full" "-e" "RUSTFLAGS=--cap-lints=forbid" "-e" "RUSTDOCFLAGS=--cap-lints=forbid" "-e" "CARGO_HOME=/opt/rustwide/cargo-home" "-e" "RUSTUP_HOME=/opt/rustwide/rustup-home" "-w" "/opt/rustwide/workdir" "-m" "1610612736" "--user" "0:0" "--network" "none" "ghcr.io/rust-lang/crates-build-env/linux@sha256:19e73879b68f455e41552ea35293514db52ea292d993f571636dbffedb77a1ee" "/opt/rustwide/cargo-home/bin/cargo" "+e6e4f7ed1589e03bc2f6c5931c1a72e7947e8682" "check" "--frozen" "--all" "--all-targets" "--message-format=json", kill_on_drop: false }`
[INFO] [stdout] 243e0a903f2c9ba199060f6f52240f0b4af7583527c6f6d0837107a4ce7e47e2
[INFO] running `Command { std: "docker" "start" "-a" "243e0a903f2c9ba199060f6f52240f0b4af7583527c6f6d0837107a4ce7e47e2", kill_on_drop: false }`
[INFO] [stderr]    Compiling proc-macro2 v1.0.43
[INFO] [stderr]    Compiling unicode-ident v1.0.3
[INFO] [stderr]    Compiling quote v1.0.21
[INFO] [stderr]    Compiling syn v1.0.99
[INFO] [stderr]    Compiling libc v0.2.132
[INFO] [stderr]    Compiling futures-core v0.3.24
[INFO] [stderr]     Checking once_cell v1.14.0
[INFO] [stderr]    Compiling parking_lot_core v0.9.3
[INFO] [stderr]    Compiling pkg-config v0.3.25
[INFO] [stderr]     Checking futures-sink v0.3.24
[INFO] [stderr]     Checking smallvec v1.9.0
[INFO] [stderr]     Checking bytes v1.2.1
[INFO] [stderr]    Compiling cc v1.0.73
[INFO] [stderr]    Compiling futures-channel v0.3.24
[INFO] [stderr]    Compiling futures-task v0.3.24
[INFO] [stderr]    Compiling tokio v1.21.0
[INFO] [stderr]    Compiling futures-util v0.3.24
[INFO] [stderr]     Checking itoa v1.0.3
[INFO] [stderr]     Checking futures-io v0.3.24
[INFO] [stderr]     Checking tracing-core v0.1.29
[INFO] [stderr]    Compiling indexmap v1.9.1
[INFO] [stderr]    Compiling openssl v0.10.41
[INFO] [stderr]     Checking matches v0.1.9
[INFO] [stderr]    Compiling native-tls v0.2.10
[INFO] [stderr]    Compiling serde v1.0.144
[INFO] [stderr]     Checking percent-encoding v2.1.0
[INFO] [stderr]     Checking want v0.3.0
[INFO] [stderr]     Checking unicode-normalization v0.1.21
[INFO] [stderr]     Checking ryu v1.0.11
[INFO] [stderr]    Compiling anyhow v1.0.64
[INFO] [stderr]    Compiling serde_json v1.0.85
[INFO] [stderr]     Checking http v0.2.8
[INFO] [stderr]     Checking form_urlencoded v1.0.1
[INFO] [stderr]     Checking base64 v0.13.0
[INFO] [stderr]     Checking ipnet v2.5.0
[INFO] [stderr]     Checking tracing v0.1.36
[INFO] [stderr]    Compiling openssl-sys v0.9.75
[INFO] [stderr]     Checking idna v0.2.3
[INFO] [stderr]     Checking socket2 v0.4.7
[INFO] [stderr]     Checking num_cpus v1.13.1
[INFO] [stderr]     Checking mio v0.8.4
[INFO] [stderr]     Checking signal-hook-registry v1.4.0
[INFO] [stderr]     Checking http-body v0.4.5
[INFO] [stderr]     Checking parking_lot v0.12.1
[INFO] [stderr]     Checking url v2.3.0
[INFO] [stderr]     Checking serde_urlencoded v0.7.1
[INFO] [stderr]    Compiling futures-macro v0.3.24
[INFO] [stderr]    Compiling tokio-macros v1.8.0
[INFO] [stderr]    Compiling openssl-macros v0.1.0
[INFO] [stderr]    Compiling pin-project-internal v1.0.12
[INFO] [stderr]     Checking pin-project v1.0.12
[INFO] [stderr]     Checking futures-executor v0.3.24
[INFO] [stderr]     Checking futures v0.3.24
[INFO] [stderr]     Checking tokio-util v0.7.3
[INFO] [stderr]     Checking tokio-native-tls v0.3.0
[INFO] [stderr]     Checking async_repeat v0.1.0 (/opt/rustwide/workdir)
[INFO] [stderr]     Checking h2 v0.3.14
[INFO] [stderr]     Checking hyper v0.14.20
[INFO] [stderr]     Checking hyper-tls v0.5.0
[INFO] [stderr]     Checking reqwest v0.11.11
[INFO] [stdout] error[E0432]: unresolved import `async_retry`
[INFO] [stdout]  --> examples/http_request_macro.rs:1:5
[INFO] [stdout]   |
[INFO] [stdout] 1 | use async_retry::{fail, repeat, AsyncRetry, ExponentialRetryStrategy, RetryPolicy};
[INFO] [stdout]   |     ^^^^^^^^^^^ use of undeclared crate or module `async_retry`
[INFO] [stdout] 
[INFO] [stdout] 
[INFO] [stdout] error: cannot determine resolution for the macro `fail`
[INFO] [stdout]   --> examples/http_request_macro.rs:13:21
[INFO] [stdout]    |
[INFO] [stdout] 13 |                     fail!(String::from("Cannot recover from these kind of errors ._."))
[INFO] [stdout]    |                     ^^^^
[INFO] [stdout]    |
[INFO] [stdout]    = note: import resolution is stuck, try simplifying macro imports
[INFO] [stdout] 
[INFO] [stdout] 
[INFO] [stdout] error: cannot determine resolution for the macro `repeat`
[INFO] [stdout]   --> examples/http_request_macro.rs:15:54
[INFO] [stdout]    |
[INFO] [stdout] 15 |                 StatusCode::INTERNAL_SERVER_ERROR => repeat!(),
[INFO] [stdout]    |                                                      ^^^^^^
[INFO] [stdout]    |
[INFO] [stdout]    = note: import resolution is stuck, try simplifying macro imports
[INFO] [stdout] 
[INFO] [stdout] 
[INFO] [stdout] error: cannot determine resolution for the macro `repeat`
[INFO] [stdout]   --> examples/http_request_macro.rs:18:21
[INFO] [stdout]    |
[INFO] [stdout] 18 |                     repeat!(response_text)
[INFO] [stdout]    |                     ^^^^^^
[INFO] [stdout]    |
[INFO] [stdout]    = note: import resolution is stuck, try simplifying macro imports
[INFO] [stdout] 
[INFO] [stdout] 
[INFO] [stdout] error: cannot determine resolution for the macro `fail`
[INFO] [stdout]   --> examples/http_request_macro.rs:20:22
[INFO] [stdout]    |
[INFO] [stdout] 20 |                 e => fail!(format!("Some unusual statusc code here: {e:?}")),
[INFO] [stdout]    |                      ^^^^
[INFO] [stdout]    |
[INFO] [stdout]    = note: import resolution is stuck, try simplifying macro imports
[INFO] [stdout] 
[INFO] [stdout] 
[INFO] [stdout] error[E0432]: unresolved import `async_retry`
[INFO] [stdout]  --> examples/http_request_simple.rs:1:5
[INFO] [stdout]   |
[INFO] [stdout] 1 | use async_retry::{AsyncRetry, LinearRetryStrategy, RetryPolicy};
[INFO] [stdout]   |     ^^^^^^^^^^^ use of undeclared crate or module `async_retry`
[INFO] [stdout] 
[INFO] [stdout] 
[INFO] [stdout] error[E0432]: unresolved import `async_retry`
[INFO] [stdout]  --> examples/http_request.rs:1:5
[INFO] [stdout]   |
[INFO] [stdout] 1 | use async_retry::{AsyncRetry, ExponentialRetryStrategy, RetryPolicy};
[INFO] [stdout]   |     ^^^^^^^^^^^ use of undeclared crate or module `async_retry`
[INFO] [stdout] 
[INFO] [stdout] 
[INFO] [stdout] error[E0432]: unresolved import `async_retry`
[INFO] [stdout]  --> examples/http_request_function.rs:1:5
[INFO] [stdout]   |
[INFO] [stdout] 1 | use async_retry::{AsyncRetry, LinearRetryStrategy, RetryPolicy};
[INFO] [stdout]   |     ^^^^^^^^^^^ use of undeclared crate or module `async_retry`
[INFO] [stdout] 
[INFO] [stdout] 
[INFO] [stdout] error: aborting due to 5 previous errors
[INFO] [stdout] 
[INFO] [stdout] 
[INFO] [stdout] For more information about this error, try `rustc --explain E0432`.
[INFO] [stdout] 
[INFO] [stdout] error: aborting due to previous error
[INFO] [stdout] 
[INFO] [stdout] 
[INFO] [stdout] For more information about this error, try `rustc --explain E0432`.
[INFO] [stdout] 
[INFO] [stderr] error: could not compile `async_repeat` (example "http_request_macro") due to 6 previous errors
[INFO] [stderr] warning: build failed, waiting for other jobs to finish...
[INFO] [stderr] error: could not compile `async_repeat` (example "http_request_simple") due to 2 previous errors
[INFO] [stdout] error: aborting due to previous error
[INFO] [stdout] 
[INFO] [stdout] 
[INFO] [stdout] For more information about this error, try `rustc --explain E0432`.
[INFO] [stdout] 
[INFO] [stdout] error: aborting due to previous error
[INFO] [stdout] 
[INFO] [stdout] 
[INFO] [stdout] For more information about this error, try `rustc --explain E0432`.
[INFO] [stdout] 
[INFO] [stderr] error: could not compile `async_repeat` (example "http_request") due to 2 previous errors
[INFO] [stderr] error: could not compile `async_repeat` (example "http_request_function") due to 2 previous errors
[INFO] running `Command { std: "docker" "inspect" "243e0a903f2c9ba199060f6f52240f0b4af7583527c6f6d0837107a4ce7e47e2", kill_on_drop: false }`
[INFO] running `Command { std: "docker" "rm" "-f" "243e0a903f2c9ba199060f6f52240f0b4af7583527c6f6d0837107a4ce7e47e2", kill_on_drop: false }`
[INFO] [stdout] 243e0a903f2c9ba199060f6f52240f0b4af7583527c6f6d0837107a4ce7e47e2
